{"id":5546,"date":"2014-01-19T00:57:06","date_gmt":"2014-01-18T23:57:06","guid":{"rendered":"http:\/\/www.propagandafront.de\/gutschein\/?page_id=5546"},"modified":"2021-12-03T09:32:10","modified_gmt":"2021-12-03T08:32:10","slug":"newsletter","status":"publish","type":"page","link":"https:\/\/www.bloggerei.de\/gutscheine\/newsletter\/","title":{"rendered":"Gutschein Newsletter"},"content":{"rendered":"<p>Bei uns findest du alle aktuellen Gutscheincodes, Schn\u00e4ppchen, Rabatte und Sales-Aktionen der beliebtesten Online-Shops. Abonniere jetzt unseren Newsletter und du erh\u00e4ltst regelm\u00e4\u00dfig die neuesten Infos, wo du am meisten sparen kannst und bleibst \u00fcber alle aktuellen Gutscheine auf dem Laufenden.<\/p>\n<div id=\"newspage\"><script>(function() {\n\twindow.mc4wp = window.mc4wp || {\n\t\tlisteners: [],\n\t\tforms: {\n\t\t\ton: function(evt, cb) {\n\t\t\t\twindow.mc4wp.listeners.push(\n\t\t\t\t\t{\n\t\t\t\t\t\tevent   : evt,\n\t\t\t\t\t\tcallback: cb\n\t\t\t\t\t}\n\t\t\t\t);\n\t\t\t}\n\t\t}\n\t}\n})();\n<\/script><!-- Mailchimp for WordPress v4.11.1 - https:\/\/wordpress.org\/plugins\/mailchimp-for-wp\/ --><form id=\"mc4wp-form-1\" class=\"mc4wp-form mc4wp-form-8012\" method=\"post\" data-id=\"8012\" data-name=\"Sign-Up Form Popup\" ><div class=\"mc4wp-form-fields\"><h1>Jetzt Newsletter abonnieren<\/h1>\r\n<h2>und einen von 3 Amazon Gutscheinen im Wert von 50\u20ac gewinnen!<\/h2>\r\n<div class=\"form\">\r\n<input class=\"newsemail\" required=\"required\" placeholder=\"Hier E-Mail-Adresse eintragen\" name=\"EMAIL\" type=\"email\">\r\n<input class=\"newssubmit\" type=\"submit\" value=\"Anmelden\" \/>\r\n<\/div><\/div><label style=\"display: none !important;\">Wenn du ein Mensch bist, lasse das Feld leer: <input type=\"text\" name=\"_mc4wp_honeypot\" value=\"\" tabindex=\"-1\" autocomplete=\"off\" \/><\/label><input type=\"hidden\" name=\"_mc4wp_timestamp\" value=\"1777477748\" \/><input type=\"hidden\" name=\"_mc4wp_form_id\" value=\"8012\" \/><input type=\"hidden\" name=\"_mc4wp_form_element_id\" value=\"mc4wp-form-1\" \/><div class=\"mc4wp-response\"><\/div><\/form><!-- \/ Mailchimp for WordPress Plugin --><\/div>\n<address><i><a href=\"https:\/\/www.bloggerei.de\/gutscheine\/amazon-gutschein\/\" title=\"Amazon Gutscheine\" target=\"_blank\" rel=\"noopener\">Amazon Gutscheine<\/a>: Wir \u00fcbernehmen die Kosten f\u00fcr deine n\u00e4chste Bestellung bei Amazon.de! Die Verlosung der 3 Gutscheine im Wert von jeweils 50\u20ac findet unter allen Newsletter-Abonnenten statt. Sicher dir jetzt deine Chance! Anmeldung bis zum 31.01.2022.<\/i><\/address>\n<p>Die Anmeldung f\u00fcr unseren Newsletter ist ganz einfach: trage einfach deine E-Mail-Adresse ein, du bekommst anschlie\u00dfend eine Best\u00e4tigungs-E-Mail und fertig. Wir senden dir dann in regelm\u00e4\u00dfigen Abst\u00e4nden nur die besten Gutscheine &amp; Rabatte direkt in dein Postfach! So kannst du dir die Suche nach Rabattaktionen und Gutscheincodes sparen, denn Sie kommen von nun an zu dir nach Hause. So einfach kann Sparen sein!<\/p>\n","protected":false},"excerpt":{"rendered":"<p>Bei uns findest du alle aktuellen Gutscheincodes, Schn\u00e4ppchen, Rabatte und Sales-Aktionen der beliebtesten Online-Shops. Abonniere jetzt unseren Newsletter und du erh\u00e4ltst regelm\u00e4\u00dfig die neuesten Infos, wo du am meisten sparen kannst und bleibst \u00fcber alle aktuellen Gutscheine auf dem Laufenden. Amazon Gutscheine: Wir \u00fcbernehmen die Kosten f\u00fcr deine n\u00e4chste Bestellung bei Amazon.de! Die Verlosung der [&hellip;]<\/p>\n","protected":false},"author":2,"featured_media":0,"parent":0,"menu_order":0,"comment_status":"closed","ping_status":"closed","template":"","meta":{"footnotes":""},"class_list":["post-5546","page","type-page","status-publish","hentry"],"yoast_head":"<!-- This site is optimized with the Yoast SEO plugin v26.8 - https:\/\/yoast.com\/product\/yoast-seo-wordpress\/ -->\n<title>Gutschein Newsletter - Gutscheincodes direkt ins Postfach!<\/title>\n<meta name=\"description\" content=\"Abonniere jetzt unseren Gutschein Newsletter und erhalte regelm\u00e4\u00dfig die neuesten Gutscheincodes &amp; Rabatt-Aktionen f\u00fcr die beliebtesten Online Shops!\" \/>\n<meta name=\"robots\" content=\"index, follow, max-snippet:-1, max-image-preview:large, max-video-preview:-1\" \/>\n<link rel=\"canonical\" href=\"https:\/\/www.bloggerei.de\/gutscheine\/newsletter\/\" \/>\n<meta name=\"twitter:label1\" content=\"Gesch\u00e4tzte Lesezeit\" \/>\n\t<meta name=\"twitter:data1\" content=\"1\u00a0Minute\" \/>\n<script type=\"application\/ld+json\" class=\"yoast-schema-graph\">{\"@context\":\"https:\/\/schema.org\",\"@graph\":[{\"@type\":\"WebPage\",\"@id\":\"https:\/\/www.bloggerei.de\/gutscheine\/newsletter\/\",\"url\":\"https:\/\/www.bloggerei.de\/gutscheine\/newsletter\/\",\"name\":\"Gutschein Newsletter - Gutscheincodes direkt ins Postfach!\",\"isPartOf\":{\"@id\":\"https:\/\/www.bloggerei.de\/gutscheine\/#website\"},\"datePublished\":\"2014-01-18T23:57:06+00:00\",\"dateModified\":\"2021-12-03T08:32:10+00:00\",\"description\":\"Abonniere jetzt unseren Gutschein Newsletter und erhalte regelm\u00e4\u00dfig die neuesten Gutscheincodes & Rabatt-Aktionen f\u00fcr die beliebtesten Online Shops!\",\"breadcrumb\":{\"@id\":\"https:\/\/www.bloggerei.de\/gutscheine\/newsletter\/#breadcrumb\"},\"inLanguage\":\"de\",\"potentialAction\":[{\"@type\":\"ReadAction\",\"target\":[\"https:\/\/www.bloggerei.de\/gutscheine\/newsletter\/\"]}]},{\"@type\":\"BreadcrumbList\",\"@id\":\"https:\/\/www.bloggerei.de\/gutscheine\/newsletter\/#breadcrumb\",\"itemListElement\":[{\"@type\":\"ListItem\",\"position\":1,\"name\":\"Gutscheine\",\"item\":\"https:\/\/www.bloggerei.de\/gutscheine\/\"},{\"@type\":\"ListItem\",\"position\":2,\"name\":\"Newsletter\"}]},{\"@type\":\"WebSite\",\"@id\":\"https:\/\/www.bloggerei.de\/gutscheine\/#website\",\"url\":\"https:\/\/www.bloggerei.de\/gutscheine\/\",\"name\":\"Bloggerei.de Gutscheine\",\"description\":\"Kostenlose Gutscheine f\u00fcr alle deutschen Online Shops\",\"publisher\":{\"@id\":\"https:\/\/www.bloggerei.de\/gutscheine\/#organization\"},\"potentialAction\":[{\"@type\":\"SearchAction\",\"target\":{\"@type\":\"EntryPoint\",\"urlTemplate\":\"https:\/\/www.bloggerei.de\/gutscheine\/?s={search_term_string}\"},\"query-input\":{\"@type\":\"PropertyValueSpecification\",\"valueRequired\":true,\"valueName\":\"search_term_string\"}}],\"inLanguage\":\"de\"},{\"@type\":\"Organization\",\"@id\":\"https:\/\/www.bloggerei.de\/gutscheine\/#organization\",\"name\":\"Bloggerei.de\",\"url\":\"https:\/\/www.bloggerei.de\/gutscheine\/\",\"logo\":{\"@type\":\"ImageObject\",\"inLanguage\":\"de\",\"@id\":\"https:\/\/www.bloggerei.de\/gutscheine\/#\/schema\/logo\/image\/\",\"url\":\"https:\/\/www.bloggerei.de\/gutscheine\/wp-content\/uploads\/2018\/09\/logo.png\",\"contentUrl\":\"https:\/\/www.bloggerei.de\/gutscheine\/wp-content\/uploads\/2018\/09\/logo.png\",\"width\":300,\"height\":91,\"caption\":\"Bloggerei.de\"},\"image\":{\"@id\":\"https:\/\/www.bloggerei.de\/gutscheine\/#\/schema\/logo\/image\/\"}}]}<\/script>\n<!-- \/ Yoast SEO plugin. -->","yoast_head_json":{"title":"Gutschein Newsletter - Gutscheincodes direkt ins Postfach!","description":"Abonniere jetzt unseren Gutschein Newsletter und erhalte regelm\u00e4\u00dfig die neuesten Gutscheincodes & Rabatt-Aktionen f\u00fcr die beliebtesten Online Shops!","robots":{"index":"index","follow":"follow","max-snippet":"max-snippet:-1","max-image-preview":"max-image-preview:large","max-video-preview":"max-video-preview:-1"},"canonical":"https:\/\/www.bloggerei.de\/gutscheine\/newsletter\/","twitter_misc":{"Gesch\u00e4tzte Lesezeit":"1\u00a0Minute"},"schema":{"@context":"https:\/\/schema.org","@graph":[{"@type":"WebPage","@id":"https:\/\/www.bloggerei.de\/gutscheine\/newsletter\/","url":"https:\/\/www.bloggerei.de\/gutscheine\/newsletter\/","name":"Gutschein Newsletter - Gutscheincodes direkt ins Postfach!","isPartOf":{"@id":"https:\/\/www.bloggerei.de\/gutscheine\/#website"},"datePublished":"2014-01-18T23:57:06+00:00","dateModified":"2021-12-03T08:32:10+00:00","description":"Abonniere jetzt unseren Gutschein Newsletter und erhalte regelm\u00e4\u00dfig die neuesten Gutscheincodes & Rabatt-Aktionen f\u00fcr die beliebtesten Online Shops!","breadcrumb":{"@id":"https:\/\/www.bloggerei.de\/gutscheine\/newsletter\/#breadcrumb"},"inLanguage":"de","potentialAction":[{"@type":"ReadAction","target":["https:\/\/www.bloggerei.de\/gutscheine\/newsletter\/"]}]},{"@type":"BreadcrumbList","@id":"https:\/\/www.bloggerei.de\/gutscheine\/newsletter\/#breadcrumb","itemListElement":[{"@type":"ListItem","position":1,"name":"Gutscheine","item":"https:\/\/www.bloggerei.de\/gutscheine\/"},{"@type":"ListItem","position":2,"name":"Newsletter"}]},{"@type":"WebSite","@id":"https:\/\/www.bloggerei.de\/gutscheine\/#website","url":"https:\/\/www.bloggerei.de\/gutscheine\/","name":"Bloggerei.de Gutscheine","description":"Kostenlose Gutscheine f\u00fcr alle deutschen Online Shops","publisher":{"@id":"https:\/\/www.bloggerei.de\/gutscheine\/#organization"},"potentialAction":[{"@type":"SearchAction","target":{"@type":"EntryPoint","urlTemplate":"https:\/\/www.bloggerei.de\/gutscheine\/?s={search_term_string}"},"query-input":{"@type":"PropertyValueSpecification","valueRequired":true,"valueName":"search_term_string"}}],"inLanguage":"de"},{"@type":"Organization","@id":"https:\/\/www.bloggerei.de\/gutscheine\/#organization","name":"Bloggerei.de","url":"https:\/\/www.bloggerei.de\/gutscheine\/","logo":{"@type":"ImageObject","inLanguage":"de","@id":"https:\/\/www.bloggerei.de\/gutscheine\/#\/schema\/logo\/image\/","url":"https:\/\/www.bloggerei.de\/gutscheine\/wp-content\/uploads\/2018\/09\/logo.png","contentUrl":"https:\/\/www.bloggerei.de\/gutscheine\/wp-content\/uploads\/2018\/09\/logo.png","width":300,"height":91,"caption":"Bloggerei.de"},"image":{"@id":"https:\/\/www.bloggerei.de\/gutscheine\/#\/schema\/logo\/image\/"}}]}},"_links":{"self":[{"href":"https:\/\/www.bloggerei.de\/gutscheine\/wp-json\/wp\/v2\/pages\/5546","targetHints":{"allow":["GET"]}}],"collection":[{"href":"https:\/\/www.bloggerei.de\/gutscheine\/wp-json\/wp\/v2\/pages"}],"about":[{"href":"https:\/\/www.bloggerei.de\/gutscheine\/wp-json\/wp\/v2\/types\/page"}],"author":[{"embeddable":true,"href":"https:\/\/www.bloggerei.de\/gutscheine\/wp-json\/wp\/v2\/users\/2"}],"replies":[{"embeddable":true,"href":"https:\/\/www.bloggerei.de\/gutscheine\/wp-json\/wp\/v2\/comments?post=5546"}],"version-history":[{"count":2,"href":"https:\/\/www.bloggerei.de\/gutscheine\/wp-json\/wp\/v2\/pages\/5546\/revisions"}],"predecessor-version":[{"id":10594,"href":"https:\/\/www.bloggerei.de\/gutscheine\/wp-json\/wp\/v2\/pages\/5546\/revisions\/10594"}],"wp:attachment":[{"href":"https:\/\/www.bloggerei.de\/gutscheine\/wp-json\/wp\/v2\/media?parent=5546"}],"curies":[{"name":"wp","href":"https:\/\/api.w.org\/{rel}","templated":true}]}}